{"id":7582,"date":"2020-09-04T14:29:45","date_gmt":"2020-09-04T14:29:45","guid":{"rendered":"https:\/\/fotofestivalpelt.be\/stripe-checkout-result\/"},"modified":"2020-10-11T12:41:43","modified_gmt":"2020-10-11T12:41:43","slug":"stripe-checkout-result","status":"publish","type":"page","link":"https:\/\/fotofestivalpelt.be\/nl\/stripe-checkout-result\/","title":{"rendered":"Checkout-Result"},"content":{"rendered":"<p>[et_pb_section fb_built=&#8221;1&#8243; _builder_version=&#8221;3.22&#8243;][et_pb_row _builder_version=&#8221;3.25&#8243; background_size=&#8221;initial&#8221; background_position=&#8221;top_left&#8221; background_repeat=&#8221;repeat&#8221;][et_pb_column type=&#8221;4_4&#8243; _builder_version=&#8221;3.25&#8243; custom_padding=&#8221;|||&#8221; custom_padding__hover=&#8221;|||&#8221;][et_pb_text _builder_version=&#8221;4.6.0&#8243; background_size=&#8221;initial&#8221; background_position=&#8221;top_left&#8221; background_repeat=&#8221;repeat&#8221; hover_enabled=&#8221;0&#8243; sticky_enabled=&#8221;0&#8243;]<\/p>\n<h4>Uw betaling is geslaagd | Your payment has been accepted | Votre paiement a \u00e9t\u00e9 accept\u00e9<\/h4>\n\n<p>[\/et_pb_text][\/et_pb_column][\/et_pb_row][\/et_pb_section]<\/p>\n","protected":false},"excerpt":{"rendered":"<p>Uw betaling is geslaagd | Your payment has been accepted | Votre paiement a \u00e9t\u00e9 accept\u00e9 <\/p>\n","protected":false},"author":2,"featured_media":0,"parent":0,"menu_order":0,"comment_status":"closed","ping_status":"closed","template":"","meta":{"_et_pb_use_builder":"on","_et_pb_old_content":"<p>[accept_stripe_payment_checkout]<\/p>","_et_gb_content_width":"","footnotes":""},"class_list":["post-7582","page","type-page","status-publish","hentry"],"_links":{"self":[{"href":"https:\/\/fotofestivalpelt.be\/nl\/wp-json\/wp\/v2\/pages\/7582","targetHints":{"allow":["GET"]}}],"collection":[{"href":"https:\/\/fotofestivalpelt.be\/nl\/wp-json\/wp\/v2\/pages"}],"about":[{"href":"https:\/\/fotofestivalpelt.be\/nl\/wp-json\/wp\/v2\/types\/page"}],"author":[{"embeddable":true,"href":"https:\/\/fotofestivalpelt.be\/nl\/wp-json\/wp\/v2\/users\/2"}],"replies":[{"embeddable":true,"href":"https:\/\/fotofestivalpelt.be\/nl\/wp-json\/wp\/v2\/comments?post=7582"}],"version-history":[{"count":2,"href":"https:\/\/fotofestivalpelt.be\/nl\/wp-json\/wp\/v2\/pages\/7582\/revisions"}],"predecessor-version":[{"id":7769,"href":"https:\/\/fotofestivalpelt.be\/nl\/wp-json\/wp\/v2\/pages\/7582\/revisions\/7769"}],"wp:attachment":[{"href":"https:\/\/fotofestivalpelt.be\/nl\/wp-json\/wp\/v2\/media?parent=7582"}],"curies":[{"name":"wp","href":"https:\/\/api.w.org\/{rel}","templated":true}]}}

<p>[et_pb_section fb_built=&#8221;1&#8243; _builder_version=&#8221;3.22&#8243;][et_pb_row _builder_version=&#8221;3.25&#8243; background_size=&#8221;initial&#8221; background_position=&#8221;top_left&#8221; background_repeat=&#8221;repeat&#8221;][et_pb_column type=&#8221;4_4&#8243; _builder_version=&#8221;3.25&#8243; custom_padding=&#8221;|||&#8221; custom_padding__hover=&#8221;|||&#8221;][et_pb_text _builder_version=&#8221;4.6.0&#8243; background_size=&#8221;initial&#8221; background_position=&#8221;top_left&#8221; background_repeat=&#8221;repeat&#8221; hover_enabled=&#8221;0&#8243; sticky_enabled=&#8221;0&#8243;]</p>
<h4>Uw betaling is geslaagd | Your payment has been accepted | Votre paiement a été accepté</h4>

<p>[/et_pb_text][/et_pb_column][/et_pb_row][/et_pb_section]</p>

<p>Uw betaling is geslaagd | Your payment has been accepted | Votre paiement a été accepté </p>
